e 3*g = 4*f + 15936, 0 = -12*g + 7*g - 4*f + 26592. List the prime factors of g.
2, 3, 443
Suppose 309*b - 3*m = 311*b - 68164, -b - 10*m = -34133. List the prime factors of b.
13, 2621
Let x = -350 - -357. List the prime factors of (-4)/((140/(-3415))/x).
683
Suppose 26870 = 2*j - 3*s, -30*s = -2*j - 26*s + 26868. List the prime factors of j.
2, 6719
Let o(m) = -6*m**2 + m**2 + 33*m**2. Let g = -156 - -157. What are the prime factors of o(g)?
2, 7
Let q be (-15)/(-10)*(-16)/3. Let g be 42/q + ((-30)/8 - -3). What are the prime factors of (-736)/g - (1 + -7)/18?
3, 41
Let v = 16252 + -7995. List the prime factors of v.
23, 359
Suppose 5*v = -4*q + 522, 4*q + 0*v = -3*v + 526. Suppose q = 11*o - 417. Suppose o*h = 53*h - 786. List the prime factors of h.
2, 131
Suppose 0 = 2*k - 6*k + 16356. Suppose -3*g - 2*a = -a - 2445, 5*g - 3*a = k. Suppose 3*r = -3*r + g. What are the prime factors of r?
2, 17
Let c(g) = -g - 18. Suppose -d - 99 = 5*v + 4, v + 4*d = -32. Let i be c(v). Suppose 0*s - 4*s + i*t = -18, -s + t + 2 = 0. List the prime factors of s.
7
Suppose 5*h - 17 = -12. Let p(y) = -5*y**3 - y**2 + 3*y - 1. Let k be p(h). What are the prime factors of (-270)/(12/k) - 3?
3, 29
Let c(z) = z**3 - 16*z**2 - 11*z + 15. Suppose b = 5*a + 5, b - 3 = 2. Suppose -s + 9 + 8 = a. List the prime factors of c(s).
3, 13
Let u(k) = -5 - 8*k - 2*k + 16 - 20*k. Let j be u(-5). Suppose -5*m = l - 358, -3*m + j = 4*l - 47. List the prime factors of m.
2, 3
Let q be 2 + 219/(-24) - 5/(-40). Let z(n) = -n**2 - 7*n + 3. Let u be z(q). Suppose 0*a + h - 235 = -u*a, 134 = 2*a - 5*h. What are the prime factors of a?
7, 11
Let j(a) = 592*a**2 + 9*a - 30. List the prime factors of j(3).
3, 5, 71
Suppose 183*s - 111*s - 5504760 = 0. List the prime factors of s.
3, 5, 1699
Suppose -4*r = -5*o - 30, -3*o + 0*o = 2*r - 4. Suppose -4*v - 10*z = -r*z - 7548, 5*v = -5*z + 9435. List the prime factors of v.
3, 17, 37
Let n(c) be the third derivative of c**4/12 - 5*c**3/6 + 13*c**2. Let o be n(7). Suppose -o*d = -4*d - 130. List the prime factors of d.
2, 13
What are the prime factors of (1693/(-2))/(46/(-56) + 81/108)?
7, 1693
Suppose -2*q - 6087 = 4*d - 24359, 5*q = 3*d - 13717. List the prime factors of d.
3, 1523
Let p(k) be the second derivative of -k**5/10 + 13*k**4/12 + 7*k**3/6 - k**2 + 5*k. Let g be p(7). What are the prime factors of (-381)/3*(g - -1)?
127
Let c be 8/(128/(-12)) - 470/(-8). Suppose -4893 = 51*a - c*a. What are the prime factors of a?
3, 233
Let r = 187 + -191. Let i(v) = -3*v**3 - 6*v**2 - 2*v + 9. What are the prime factors of i(r)?
113
Let r(f) = -5928*f - 12346. List the prime factors of r(-12).
2, 5, 5879
Suppose 2*j + 40173 = 7*j - 4*b, 4*b - 32124 = -4*j. What are the prime factors of j?
29, 277
Suppose 16*x - 34 = -194. Suppose -y - 4*p = -6*y - 140, 0 = -5*y + 5*p - 140. Let r = x - y. What are the prime factors of r?
2, 3
Let r(f) be the first derivative of -f**4/4 + 28*f**3/3 - 37*f**2/2 + 8*f - 27. Let i be r(26). Let g = -248 + i. What are the prime factors of g?
2, 3, 5
Let q(k) = 1594*k + 103. List the prime factors of q(2).
3, 1097
Suppose -25*q + 22*q - 4*m = -11868, -3*q = 3*m - 11871. List the prime factors of q.
2, 3, 5, 11
Let q = -1203 - -1823. Suppose y - z - 323 = 3*z, 5*z = -2*y + q. List the prime factors of y.
3, 5, 7
Let s(o) = -o**2 + 9*o + 23. Let k(a) = a + 14. Let q be k(8). Suppose -7 = 2*m + 5*b, 0*b + q = 3*m + b. What are the prime factors of s(m)?
23
Let p(y) = 17*y - 1. Suppose -l - 7 = -0*l + 2*x, -4*x - 17 = l. Suppose 0 = -3*s - 3*c + 42, 2*s - 4*c = -l*s + 25. List the prime factors of p(s).
2, 19
Suppose -3*q + 10735 = -18*j + 23*j, -q + 3595 = 5*j. List the prime factors of q.
2, 3, 5, 7, 17
Let l(k) = 350*k**2 - 20*k - 110. List the prime factors of l(-7).
2, 5, 859
Let q = 141 - 138. Suppose 0 = -y + q*b + 204, -b - 81 = -y + 113. What are the prime factors of y?
3, 7
Let m be 40/(-35) - (-17)/119. What are the prime factors of m*198/12*330/(-9)?
5, 11
Suppose 2106 = 8*s - 2*s. Let f = s - 15. List the prime factors of f.
2, 3, 7
Let n(r) = 777*r - 96. Let m be n(3). Suppose -5*u - 3*k = -2243, k - 6*k = 5*u - m. What are the prime factors of u?
11, 41
Suppose 3*m - 56504 = -5*b, 5*m + 42412 = 5*b - 14028. List the prime factors of b.
2, 353
Let h(d) = 7*d**2 + 11*d + 24. Let a be h(10). Let t = a - 15. List the prime factors of t.
3, 7, 13
Let d = -657 - -362. Let m = 140 + d. Let g = m - -258. What are the prime factors of g?
103
Let i(w) = 17*w - 98. Let j be i(6). What are the prime factors of (0 - -2) + (-6)/j*-86?
131
Let x(a) = -94*a - 1. Let r be x(-17). Suppose -r = -6*u + 671. What are the prime factors of u?
2, 3, 7
Let w be (-32)/8*-3*7. What are the prime factors of 7/w + (-33112)/(-96)?
3, 5, 23
Let i = -7526 - -36098. What are the prime factors of i?
2, 3, 2381
Suppose 12*z - 40*z + 84 = 0. What are the prime factors of (-5)/z - 1469*(-4)/3?
19, 103
Suppose 38*y - 3145 = 33*y. Let m = -165 + y. Suppose -29*b + 33*b = m. List the prime factors of b.
2, 29
Suppose -16*r - 137472 = -3*u - r, 0 = -2*u - 3*r + 91674. List the prime factors of u.
2, 3, 7639
Let r be -8 + (2 - -10 - -2). Suppose 1383 + 2421 = r*b. What are the prime factors of b?
2, 317
Suppose -4*k - 207 = 2*j - j, 4*k = 3*j - 195. Let z = k - -51. List the prime factors of (-26)/(-6)*(4 - (z + 1)).
13
Let x(t) = 115*t**3 + 15*t**2 - 20*t - 16. List the prime factors of x(5).
2, 3, 271
Let z be 16/4 - (2 + (-672)/2). Let q = -98 + z. List the prime factors of q.
2, 3, 5
Suppose 371*l = 367*l + 28. Suppose -13*w = -l*w - 1266. What are the prime factors of w?
211
Suppose 12*u = 11*u + 19. Suppose 2*n + n = 4*v - 14, -2*n + u = 3*v. Suppose -v = c - a - 23, 0 = -5*a - 15. List the prime factors of c.
3, 5
Let l(u) = -22*u + 138. Let g be l(6). Let p(w) = 117*w + 132. List the prime factors of p(g).
2, 3, 139
Let b(f) = 135 - 14*f - 2*f + 3*f - 25 + 203. List the prime factors of b(21).
2, 5
Let i(n) = -23*n - 18. Let q be i(-12). Let v = q + 90. Suppose 2*m - v = -8*w + 3*w, 2*m = w - 72. List the prime factors of w.
2, 5, 7
Let k(m) = 2*m**2 + 3*m + 3. Let p be k(-3). Suppose 0 = 4*w + 11 - 27, -2*a + 698 = -w. Suppose p*t - a = 3*t. List the prime factors of t.
3, 13
Suppose 0 = 2*k - 4*s - 32216, 0*s - s = 3*k - 48296. List the prime factors of k.
2, 5, 7, 23
Let g be -1 + (-160)/200*-5*1. List the prime factors of (-1)/((g/(-6564))/(7/14)).
2, 547
Suppose -8*c + 13*c = 15. Suppose g + r - 210 = -0*r, 2*r + 620 = c*g. Suppose w - 36 = -3*s, -w + 6*w + s = g. List the prime factors of w.
2, 3, 7
Suppose 735*x = 740*x + 2090. Let o = x - -1104. What are the prime factors of o?
2, 7
Let h be ((-63)/(-35) - 1)/(1/(-90)). What are the prime factors of (-53100)/h - (-2)/(-4)?
11, 67
Let r = 40 - -98. Let c = r + -138. Suppose c = -11*q + 15*q - 920. List the prime factors of q.
2, 5, 23
Suppose 7*v + 26551 - 203076 = 2*v. List the prime factors of v.
5, 23, 307
Let z = 1384 + -174. List the prime factors of z.
2, 5, 11
List the prime factors of (1 - 5*-1) + 28 + (-291479)/(-29).
5, 2017
Let b = -61 - -63. Suppose b*w + 1008 = -5*q, -5*q = -0 - 20. Let z = -331 - w. What are the prime factors of z?
3, 61
Let a = 8343 + -4052. What are the prime factors of a?
7, 613
Suppose 2*d - 27*v + 32*v = 21, 3*d - 3*v = 84. Let t(r) = r**2 + 5*r + 10. What are the prime factors of t(d)?
2, 3, 109
Let x(d) = -d**2 - 7*d + 20. Let j be x(-9). Suppose j*s + 1350 = 2*l, -3*l - s + 3289 = 1272. What are the prime factors of l?
673
Suppose -559*l = -538*l - 171969. List the prime factors of l.
19, 431
Let i(f) = -194*f + 266. List the prime factors of i(-5).
2, 3, 103
Let b be 80/32*(-1 + 1159*1). Suppose 5*l - b = -5*i + 3335, 0 = -2*l + 6. Suppose -353 - i = -6*x. List the prime factors of x.
2, 7, 19
Suppose -82*z + 1298497 = 226921. What are the prime factors of z?
2, 3, 11
Suppose 0 = 4*w + 2*d + 430, -560 = -26*w + 31*w - 5*d. Let c = w + 398. What are the prime factors of c?
17
Let i be (-3 + 236/12)*33/2. Let w = i + -146. What are the prime factors of w?
3, 43
Let y(j) = 4*j**3 - 61*j**2 - 41*j + 33. What are the prime factors of y(27)?
3, 13, 23, 37
Suppose 0 = -23*p - 13380 + 247244. List the prime factors of p.
2, 31, 41
What are the pr